07 prime?
True
Is 1248631913 prime?
False
Is 1030100915 a prime number?
False
Is 1833880738 a composite number?
True
Is 6339836353 a prime number?
False
Is 1308693667 composite?
False
Is 2233651681 a prime number?
True
Is 972048589 a prime number?
False
Is 18840347783 composite?
False
Is 1272936479 prime?
True
Is 211057689 a composite number?
True
Is 8122661411 prime?
False
Is 12735940531 prime?
True
Is 3409502087 composite?
True
Is 745320493 a composite number?
False
Is 492278569 a composite number?
True
Is 555713047 composite?
False
Is 6168797303 a composite number?
False
Is 4117006703 composite?
False
Is 6769617493 prime?
False
Is 34088438113 composite?
False
Is 9247882927 prime?
False
Is 9761812309 a composite number?
False
Is 4670383073 prime?
True
Is 424635119 a prime number?
True
Is 3539318719 a composite number?
True
Is 86451065339 prime?
True
Is 58076779 a prime number?
True
Is 937150933 a composite number?
False
Is 2922411767 a prime number?
False
Is 18909853913 a prime number?
False
Is 1840953523 composite?
True
Is 668509267 a composite number?
False
Is 76767209041 a prime number?
True
Is 3629824699 prime?
True
Is 8664537163 prime?
False
Is 612153299 composite?
False
Is 60616804057 a prime number?
False
Is 2580242411 composite?
False
Is 20073160561 composite?
True
Is 6884973833 a prime number?
True
Is 285909509 composite?
False
Is 1340362979 a prime number?
False
Is 58283312963 a composite number?
True
Is 61234713877 a prime number?
False
Is 12476700123 prime?
False
Is 16979575319 a composite number?
True
Is 4409065853 a composite number?
False
Is 14560181159 a composite number?
True
Is 432224231 a prime number?
True
Is 798589993 a prime number?
False
Is 11698209097 prime?
False
Is 1041970571 composite?
False
Is 71207770066 composite?
True
Is 1812676457 a prime number?
False
Is 14894203 a composite number?
False
Is 3936953863 a composite number?
True
Is 64778498801 composite?
False
Is 1217362231 a composite number?
True
Is 16453579 a composite number?
True
Is 929467831 prime?
True
Is 1409942949 a prime number?
False
Is 3322166069 a composite number?
True
Is 716403713 a composite number?
False
Is 20798849 a composite number?
True
Is 11857846841 a prime number?
False
Is 16563020221 composite?
True
Is 53301482587 a prime number?
False
Is 600009693 a prime number?
False
Is 862620959 a composite number?
True
Is 3337930397 composite?
False
Is 2350534643 composite?
True
Is 290184481 a prime number?
True
Is 8412155179 a composite number?
False
Is 15145348201 composite?
False
Is 12474633 composite?
True
Is 3274199273 a prime number?
True
Is 410478139 a composite number?
True
Is 2497077463 composite?
False
Is 8918046187 a prime number?
False
Is 161702327 a prime number?
True
Is 90365703 a prime number?
False
Is 12919104535 a composite number?
True
Is 3898875821 a composite number?
False
Is 4081461697 a composite number?
True
Is 133755549 prime?
False
Is 22702011187 prime?
True
Is 4787027801 composite?
False
Is 510290369 composite?
False
Is 232842035429 a composite number?
True
Is 9788137 composite?
False
Is 2984473273 a composite number?
False
Is 3546368311 prime?
True
Is 125354823521 composite?
True
Is 11923206619 prime?
False
Is 3016299257 a prime number?
True
Is 984060166 a prime number?
False
Is 4928254337 composite?
False
Is 633784559 a prime number?
True
Is 12388837889 prime?
True
Is 987759937 composite?
True
Is 311170823 a prime number?
False
Is 19031776091 composite?
True
Is 11615441983 a composite number?
True
Is 10049511139 prime?
True
Is 24242110069 composite?
False
Is 44438839177 a prime number?
False
Is 284119859 a composite number?
False
Is 10674412637 composite?
True
Is 3546950977 composite?
True
Is 2018380153 composite?
False
Is 708234161 a prime number?
False
Is 47818861 a prime number?
True
Is 29831959 composite?
False
Is 820276907 a prime number?
True
Is 83917396481 composite?
False
Is 19950150329 a composite number?
False
Is 183799309 prime?
True
Is 6357629959 a prime number?
True
Is 3612154811 a composite number?
False
Is 1687868813 composite?
True
Is 3336518761 prime?
True
Is 15171798401 a composite number?
True
Is 6684159109 a prime number?
False
Is 11329374029 a prime number?
False
Is 13808941129 prime?
True
Is 28846256561 a composite number?
False
Is 682734413 composite?
True
Is 2045548663 prime?
False
Is 7503818527 composite?
True
Is 143505983 a prime number?
True
Is 44252006135 a prime number?
False
Is 57367833319 prime?
True
Is 11251162015 a composite number?
True
Is 56064397 composite?
False
Is 30963760877 a composite number?
True
Is 46538928577 prime?
True
Is 598800991 a composite number?
True
Is 39529914653 composite?
False
Is 502925882179 a composite number?
True
Is 257362560071 prime?
True
Is 19281336493 a prime number?
False
Is 640409843 a composite number?
True
Is 43144844531 a composite number?
False
Is 41090799899 composite?
False
Is 3613831579 a composite number?
False
Is 11365367581 a prime number?
True
Is 3814712411 a prime number?
False
Is 2533959307 a composite number?
True
Is 5498654297 a composite number?
False
Is 3925134193 prime?
True
Is 6274787131 a prime number?
True
Is 99400732049 a composite number?
False
Is 5610255839 a composite number?
False
Is 1152894377 a prime number?
True
Is 1024945931 prime?
True
Is 3689395987 composite?
True
Is 4033461893 composite?
False
Is 59446244057 a prime number?
False
Is 1104261937 prime?
True
Is 5672831341 a composite number?
False
Is 113858058899 a composite number?
True
Is 267528478031 prime?
False
Is 4262008679 a composite number?
True
Is 350243533 composite?
True
Is 52189616059 a composite number?
True
Is 5244160421 prime?
True
Is 4164593333 composite?
False
Is 6432591917 composite?
False
Is 294497339 a prime number?
True
Is 29259922469 a composite number?
False
Is 114340134757 prime?
True
Is 1514449 a composite number?
True
Is 219828191 a prime number?
False
Is 673807889 a prime number?
True
Is 587549383 prime?
True
Is 23673318089 a composite number?
False
Is 2030332141 composite?
False
Is 224004311 prime?
True
Is 1965336227 a prime number?
True
Is 635683033 composite?
False
Is 4741410467 a prime number?
True
Is 544811089 composite?
False
Is 8559736789 prime?
True
Is 3128824577 prime?
False
Is 6009910789 a prime number?
True
Is 2291621191 prime?
True
Is 35280851 a composite number?
False
Is 32920579409 a prime number?
True
Is 59578180327 prime?
True
Is 16895385049 prime?
True
Is 681152011 composite?
True
Is 1842959693 composite?
True
Is 149787587 composite?
False
Is 2507880367 composite?
False
Is 1585208402 composite?
True
Is 21830507 composite?
False
Is 18023764727 a prime number?
True
Is 268835863 a composite number?
False
Is 9256083047 composite?
False
Is 1512133463 a composite number?
False
Is 73127368607 prime?
False
Is 4442554943 a prime number?
True
Is 2465917 composite?
False
Is 416504771 prime?
True
Is 747308113 composite?
False
Is 772099193 composite?
True
Is 39321199 a prime number?
False
Is 1326177893 a prime number?
True
Is 74011893635 prime?
False
Is 58349788171 a composite number?
True
Is 2218119587 a composite number?
True
Is 449391473 composite?
False
Is 7798132333 a composite number?
True
Is 1016989547 prime?
False
Is 148297091801 prime?
True
Is 31900390747 composite?
True
Is 1192134863 prime?
True
Is 11803967611 prime?
True
Is 29157428099 a prime number?
False
Is 15118096739 prime?
False
Is 356742887 prime?
True
Is 106317455789 a composite number?
True
Is 8090861137 composite?
False
Is 372399517 prime?
False
Is 22715157499 a prime number?
False
Is 886704463 a composite number?
False
Is 2939426909 a prime number?
False
Is 26149296617 a composite number?
True
Is 27994619063 composite?
True
Is 84429610313 a prime number?
True
Is 695267957 composite?
False
Is 1983730907 a prime number?
True
Is 536888077 composite?
True
Is 2392052077 a composite number?
True
Is 1088254373 prime?
False
Is 655677497 a prime number?
False
Is 22024269217 composite?
False
Is 13322352541 a composite number?
True
Is 1181493151 composite?
True
Is 4732965023 composite?
True
Is 12803605219 prime?
True
Is 11400210451 a prime number?
False
Is 582665803 composite?
True
Is 4105716743 a composite number?
True
Is 14776551563 a prime number?
False
Is 53077909307 composi